 + 5. Let j(x) = q*p(x) + 6*o(x). Calculate j(7).
-11
Let b(k) = k**2 + 20*k + 33. Suppose 0 = 3*u - 3 - 0, 5*u = 4*l + 77. Determine b(l).
-3
Let x(a) be the third derivative of a**6/120 + a**5/30 + a**4/8 - 5*a**3/3 - 6119*a**2. Give x(2).
12
Suppose 0 = 2*a + 7*a. Let p be (-66 - -54) + (6 - a). Let c(t) = 0*t + 0 + 2 - t. Calculate c(p).
8
Let y(r) = 3*r - 9. Suppose -123*l - 1470 = 24*l. Calculate y(l).
-39
Let c(y) = 14*y - 8. Suppose -102*s = -116*s + 14. Calculate c(s).
6
Let n(w) be the second derivative of 2*w**2 - 1/6*w**3 + 0 - 15*w. Give n(12).
-8
Let h(w) = 0 + 2 - 1032*w - w**3 + 1045*w + w**2. Determine h(-3).
-1
Suppose 2*a - 60 = -2*a. Suppose 12*s - 15*s + a = 0. Let f(m) = -s*m - 7*m + 7*m - 8*m. What is f(1)?
-13
Let h(m) = -m**3 - 2*m**2 + 6*m - 6. Let q(c) = -c**2 - 4*c + 1. Let i(z) = -h(z) - 4*q(z). Give i(-4).
-6
Let h(j) = -7*j**3 - 4*j**2 - 7. Let u = 7 - 1. Let y(t) = 6 + 1923*t**3 - 3829*t**3 + 3*t**2 + 1912*t**3. Let i(a) = u*y(a) + 5*h(a). What is i(1)?
0
Suppose -2*f = 4*a + 6, 4*a + 3 = -5*f - 36. Let d be ((-3)/(-6))/((f/20)/(-11)). Let s(w) = 2*w - 22. What is s(d)?
-2
Let a(o) = -2*o**2 + 11*o - 3. Let i(v) = -v**3 - 15*v**2 + 13*v - 42. Let r(w) = -2*w**3 + 3*w**2 + 7*w - 10. Let q be r(3). Let c be i(q). Determine a(c).
-9
Let n(d) = -d**3 + 6*d**2 - d + 4. Suppose 36 = -5*z - 3*p, -2*z + z - 6 = p. Let l be 8/(-36) - 56/z. Determine n(l).
-2
Let k(m) = 28*m - 1. Suppose -4*s - 16 = 0, -6*s = 3*q - 2*s + 19. Calculate k(q).
-29
Let r be 42/8 - 85/68. Let i(l) = l**3 - 7*l**2 + 9*l - 18. Determine i(r).
-30
Let i = 1 - 4. Let g be (30/9)/(2/i). Let z(b) = -29*b + 10*b + 11*b - b**2 + 2*b**2 + 13*b + 5. Calculate z(g).
5
Let j(c) = -50*c**2 + 11. Let v(i) = -149*i**2 + 31. Let t(p) = 17*j(p) - 6*v(p). Give t(-1).
45
Let b(i) = i**2 - i + 4. Let n(h) = 7*h**2 + h + 6. Let o(a) = 12*a**2 + 2*a + 10. Let k(g) = 5*n(g) - 3*o(g). Let j(r) = b(r) + 2*k(r). Give j(3).
-14
Suppose -2*h = 2*g + 3*g - 17, 0 = -5*h - 20. Suppose 3*w + g = 2*w. Let r(b) = b**2 + 5*b. Determine r(w).
0
Let t(z) = 7*z + 81. Suppose 5*a - 18 = 3*g + 11, 4*g + 2*a + 56 = 0. What is t(g)?
-10
Let p = 2097 + -2091. Let g(y) = -8*y - 6. Give g(p).
-54
Let o = -22 - -2. Let g = -25 - o. Let n(x) = -18*x + 60. Let p(h) = -4*h + 13. Let f(i) = 3*n(i) - 14*p(i). Give f(g).
-12
Let j(p) = -2*p**3 - 3*p - 5. Let z(m) = -2*m**3 - 2*m - 3. Let i(n) = -5*j(n) + 4*z(n). Calculate i(-2).
-17
Let j be 220/(-15) + (-144)/(-54). Let c(b) = -2*b - 24. What is c(j)?
0
Let k(f) = -5*f**3 + 4*f**2 - 1. Let v = -29 - -36. Suppose 0 = -0*j - j - v. Let w(x) = 14*x**3 - 13*x**2 + 3. Let y(i) = j*k(i) - 2*w(i). What is y(-1)?
-8
Let i(q) = 61*q + 15 - 121*q + 64*q + 6. Calculate i(-11).
-23
Let p(g) be the second derivative of 3/2*g**2 + 0 + 8*g + 1/2*g**3. Calculate p(-1).
0
Let b(d) = -7 - 6 - 56 + 9*d - 7 - 7. Calculate b(9).
-2
Let i(g) = -122 + 13*g - 55 + 234 + 9*g - 48. What is i(-3)?
-57
Let r(w) = -20*w - 2. Let a(g) = 10*g - 3. Let y(l) = -19*l + 5. Let t(f) = 7*a(f) + 4*y(f). Let s(o) = -2*r(o) + 7*t(o). What is s(-3)?
3
Let c = -1 - -25. Suppose 6 + c = -5*x. Let i(d) = 7 + 10*d - 3*d + 7*d**2 + 2*d**3 - d**3. Give i(x).
1
Let l(y) = 649011*y + 649013*y - 1298025*y - y**2 + 10 - 31. Let z = -12 - -17. Let h(k) = k - 5. Let n be h(z). Give l(n).
-21
Let n(m) = -m**2 - 6*m + 6. Let o(z) = z - 1. Let b = 41 + -47. Let k be o(b). Let j be n(k). Let q(x) = 2*x**2 - 2*x - 1. What is q(j)?
3
Let k(a) = 4*a**3 - a + 3. Let i(f) = -29*f**3 + 9*f**2 + 16*f - 7. Let x(r) = i(r) + 7*k(r). Give x(9).
95
Let u = -2 - -1. Let g(c) = 261*c + 260*c + 3 - 756*c + 250*c - 5. Determine g(u).
-17
Let l = -44 + 48. Let f(g) be the first derivative of g**2 - 3*g + 1005. Calculate f(l).
5
Let o be (-90)/(-10) - 12/(-2). Let c(r) = 46 - 13 - 20 - o + 4*r. Give c(-2).
-10
Let q(j) = -1 + 5*j**2 + 3*j**2 + j**3 - 6*j**2 - 3*j. Let p = -129 + 210. Let b = p - 84. Give q(b).
-1
Let p(s) be the second derivative of -6*s**3 + 13*s**2/2 + 5284*s. Determine p(1).
-23
Let c(w) = 74*w**2. Let t(m) = 445*m**2 - 4*m - 38. Let o(v) = 6*c(v) - t(v). Determine o(-5).
-7
Let j(u) = -u**2 - u - 3. Let i be 408/56 + 4/(-14). Suppose 9*k - 2 = i. Suppose -4*c = 15 + k. Give j(c).
-15
Let q(w) = -3*w**2 - 22*w - 27. Let s(d) = -2*d**2 - 11*d - 14. Let a(y) = 3*q(y) - 5*s(y). Let k = 35928 - 35917. Determine a(k).
-11
Let j(h) = -14*h + 25 - 144*h**2 + 289*h**2 - 144*h**2 + 10. Determine j(10).
-5
Let z(c) be the third derivative of 1/3*c**3 + 0 + 1/24*c**4 + 26*c**2 + 0*c. Calculate z(7).
9
Suppose 4*i + 0*i - 21 = 3*s, -4*s - 24 = -4*i. Let m(k) = i*k + 2 - k + k. Let o(n) = -5*n + 242. Let f be o(49). Give m(f).
-7
Let q = -10781 - -10783. Let v(p) = -3*p**2 + 8*p + 5. Calculate v(q).
9
Let m(n) = n + 3907 + 3*n**2 + 0*n**2 + 11*n**3 - 6*n - 3904. Calculate m(1).
12
Let g(q) = 15*q - 37*q + 13 - 5*q**2 - q**3 - 8 - 7 + 20*q. Let v = -10 - -6. Determine g(v).
-10
Suppose -j + 5 = -53*k + 51*k, -5*j = -5*k - 35. Let u(n) = 37*n. Determine u(k).
74
Let y(k) be the third derivative of -k**6/120 + k**5/15 + 3*k**4/8 - k**3/3 + k**2 + 521*k. Determine y(4).
34
Let d be (7 - 4)*(3/9)/(1/(-5)). Let g(y) = y**3 + 5*y**2 - 4*y - 19. Calculate g(d).
1
Let u(x) = -5*x + 127. Let c = 14777 + -14752. Determine u(c).
2
Suppose -2*u + 4*z = 0, 4*z - 7 = -2*u + z. Suppose -10 - u = -4*w. Let h(t) be the first derivative of -t**2 + 2*t - 1. What is h(w)?
-4
Let f(p) = 169*p + 191. Let v(k) = 131*k + 191. Let r(q) = 3*f(q) - 4*v(q). Calculate r(-10).
-21
Let i(m) be the second derivative of 5/2*m**3 + 24*m + 1/40*m**5 + 0*m**2 + 0 - 13/24*m**4. Let v(g) be the second derivative of i(g). Determine v(9).
14
Let m(o) = -o**3 + 3*o + 5. Suppose 0 = -2*p + 5*v + 11, -5*p = -4*v - v - 20. What is m(p)?
-13
Let c(q) = 10*q**3 - 640*q**2 + 1 - q + 1918*q**2 - 641*q**2 - 637*q**2. What is c(1)?
10
Let k(t) = 4*t**2 - 14*t - 16. Let x be (-2150)/(-450) - (-4)/18. Let p be k(x). Let w(i) = i - 11. What is w(p)?
3
Let a(z) = 5*z - 6. Let i(y) = -7*y - 5*y + 14 + 4*y - 3*y. Let m(d) = -5*a(d) - 2*i(d). Determine m(3).
-7
Let h = 12 - -6. Suppose b = -4*f + 2*f - 24, -h = 3*f - 3*b. Let q(z) = -z - 5. What is q(f)?
5
Let c(i) = -6*i**2 - i + 4. Let t(h) = 5*h**2 + h - 3. Suppose 0*o - 3 = o. Let x(w) = o*t(w) - 2*c(w). Suppose 0 = -m + 191 - 190. Give x(m).
-3
Suppose -39*k + 614 + 1180 = 0. Let r(g) = -22*g - 3 - 23*g + k*g. Give r(4).
1
Let b(k) = -11*k**3 - 15*k**2 - 2*k + 3. Let j(f) = 16*f**3 + 16*f**2 + f - 3. Let q(d) = -3*b(d) - 2*j(d). What is q(-13)?
-55
Let w(h) = 17*h - 1. Let q(k) = 3*k - 1. Let z(n) = 6*q(n) - w(n). Let b be ((-22)/(-6))/((-1)/3). Let t = b + 19. Calculate z(t).
3
Let v(b) = -120*b - 8026. Let a be v(-67). Let p(x) = -x**3 + 15*x**2 - 12*x + 2. Determine p(a).
30
Let p = 96 + -94. Let i(z) = -4*z**p + 64*z + 3 - z**3 - 66*z + 1. Calculate i(-3).
1
Let s(j) = -13*j + 166. Let f(r) = 6*r - 66. Let d(z) = -5*f(z) - 2*s(z). Determine d(8).
-34
Let g(c) = 5*c - 6. Let p(a) = -12*a + 12. Let u(v) = -10*g(v) - 4*p(v). Suppose -3*m - 4*q + 47 = 0, 2*m - 4*q = -3 + 1. Determine u(m).
-6
Suppose 45*g + 77*g = 22*g + 200. Let h(d) be the first derivative of 5/3*d**3 - 27 - d + 0*d**g. Determine h(2).
19
Let x(t) be the second derivative of t**6/144 - t**5/24 - t**4/4 - 13*t. Let w(m) be the third derivative of x(m). Let y = -279 + 284. Calculate w(y).
20
Let v(z) = -8*z**3 - 1. Suppose -p - 12 = -4*d - 5*p, 5*d + 2*p = 0. Let u be v(d). Let o(x) = -2 - 65*x + 0 + u*x. Give o(-7).
12
Let p(b) = b**3 - 22*b**2 - 48*b + 2. Let f be p(24). Suppose 0 = -v - 1 - f. Let h(y) = -y**3 - 2*y**2 + y. Determine h(v).
6
Let h(z) = 3*z - 8. Suppose 33*i + 55*i - 968 = 0. Calculate h(i).
25
Let g(q) = 59 + 14*q - 30*q + 6*q + 3*q. Determine g(7).
10
Let g = -3 - -8. Let k(q) = 11*q**3 - 18*q**2 - 84*q + 9. Let b(f) = -4*f**3 + 6*f**2 + 32*f - 4. Let v(a) = -8*b(a) - 3*k(a). What is v(g)?
10
Let v(w) = -1 - 6*w + 4 - 2. Let z(f) = 0*f**2 + 119 + 3*f**2 - 117 + 3*f**3 - 4*f**3. Let o be z(3). Determine v(o).
-11
Let b(n) = -n**3 + 5*n**2 + 8*n - 16. Let o(u) = 12*u**2 + 309*u - 73. Let m be o(-26). Calculate b(m).
24
Let b(m) = -m**2 + 6*m + 10. Let r(y) = 13*y**2 - 1456*y + 2 + y**3 - 6*y**2 + 1465*y. Let v be r(-5). 